 -t*h + 200. What are the prime factors of h?
2, 5
Suppose 34677 = 5*j + k, -36*j + 37*j + k - 6933 = 0. List the prime factors of j.
2, 3, 17
What are the prime factors of (429/(-6) + 5)*(2000/14)/(-10)?
2, 5, 19
Suppose -1376953 = 102*o - 2127650 - 2443637. What are the prime factors of o?
3, 11, 13, 73
Let y = 444 + -447. What are the prime factors of y/7 - 13470/(-21)?
641
Suppose -20*c - 616 = 36*c. Let n(w) = -3*w**3 - 24*w**2 + 11. List the prime factors of n(c).
2, 5, 11
Suppose 5*z = 5, 17103 = 97*n - 95*n + 5*z. What are the prime factors of n?
83, 103
Let q be 5 - 12/(30/(-5)). Let x(g) = 102*g - 153. List the prime factors of x(q).
3, 11, 17
Suppose 3*h = -5*f - 14, -f - 4*h + 9 = 5. List the prime factors of ((-60)/(-18))/(f/(-60)).
2, 5
Let k = 660 - 1674. Let r = k - -1495. What are the prime factors of r?
13, 37
Suppose -2*v - 3*v = 3*h, 0 = 4*v + 3*h + 3. Suppose 5*q - 142 = -2*u, -4*q = -0*q + v*u - 115. Suppose 0 = -2*n + q - 6. What are the prime factors of n?
11
Let o(u) = u**3 + 7*u**2 - 21*u - 9. Let f be o(-9). Suppose 6 = 3*t - 12. Suppose 17*i - f*i = -t. What are the prime factors of i?
2, 3
Let g be 10*50/(-4) + (-1 - -2). Let m = 91 - 164. Let j = m - g. List the prime factors of j.
3, 17
Let s(x) = 2834*x**2 + 60*x + 127. What are the prime factors of s(-2)?
3, 19, 199
Let a be (-1*3)/(18/(-60)). Suppose 1974 - 474 = a*w. Suppose w = 45*t - 40*t. What are the prime factors of t?
2, 3, 5
Suppose 5*p + 886 = 4*r, -191 = 2*r + 4*p - 647. Let u = r - 132. Suppose -q + 2*o + u = 0, -4*q - 2*o = -0*q - 368. What are the prime factors of q?
2, 23
Let l be (39/26)/(3/4). Suppose -7 = -j + l*c + 6, -3 = 4*j + 3*c. What are the prime factors of ((-9)/12)/(1*j/(-348))?
3, 29
Let y = 250 + -232. Suppose 44*c - 5304 = y*c. What are the prime factors of c?
2, 3, 17
Let i be (1/4)/(1*7/140). Let x be 2/((-1)/((-2)/i) + -2). Suppose -35 = -k - 3*f + f, 16 = x*f. List the prime factors of k.
3
What are the prime factors of 67244 + 3 - (106 - 100)?
19, 3539
Let f = -24660 - -38892. List the prime factors of f.
2, 3, 593
Let y = 47123 + -16511. What are the prime factors of y?
2, 3, 2551
What are the prime factors of -13 - (1 + -81444)/(76 - 75)?
2, 5, 17, 479
Suppose 0 = 5*o + 3*h - 7335, -3*o + 5*o - 4*h = 2934. Suppose -8*n + 5*n = -o. List the prime factors of n.
3, 163
Let a(v) = v**3 + 8*v**2 - 7*v + 20. Let j be a(-9). Suppose 128 = 2*b - 2*k, -j*b - 4*k = -4*b + 124. List the prime factors of b.
2, 3, 11
Let i = 1033 - -806. What are the prime factors of i?
3, 613
Let h be (12/18)/(-3 + (-129)/(-45)). Let o = h + 7. Suppose 12*l = -o*l + 308. List the prime factors of l.
2, 11
Let f(g) = 1 - 8 + 3*g - g**2 - 9*g + 6*g**2. Suppose 0*s + 3*s + 3*j + 3 = 0, j = s + 5. What are the prime factors of f(s)?
2, 7
Suppose -3*p + 31*l - 33*l + 6068 = 0, -5*p + 4*l = -10128. What are the prime factors of p?
2, 11, 23
Let i(d) = -2*d**3 + 63*d**2 + 81*d - 4. Let q(b) = -b**3 + 32*b**2 + 41*b - 2. Let y(u) = -2*i(u) + 5*q(u). What are the prime factors of y(35)?
2, 139
What are the prime factors of -4 + 10 + -12 - 18643*-3?
3, 7, 2663
Let m = 15 - -2. Let z(k) be the third derivative of k**5/30 - 7*k**4/6 + 26*k**3/3 + 385*k**2. What are the prime factors of z(m)?
2, 7, 11
Suppose -26*j = -16*j - 40. Suppose -5*d + 4 = -21, 3*h - j*d - 544 = 0. Let b = -94 + h. What are the prime factors of b?
2, 47
Suppose 16*v - 17*v + 43994 = -4*m, 3*m = -12. What are the prime factors of v?
2, 11, 1999
Let b(m) = -m**3 - 6*m**2 + 12*m + 27. Suppose -8*n + 6*n + 3*z = 32, 3*n - 5*z = -50. What are the prime factors of b(n)?
307
What are the prime factors of 0 + 14 - (-4614 - -32)?
2, 3, 383
Let f(x) = 2*x**3 + 11*x**2 - 10*x - 9. Let y be f(-6). Let d(r) = 42*r + 92. List the prime factors of d(y).
2, 19
Let x(b) = 5*b**3 + 47*b**2 - 27*b + 53. Let l(f) = -9*f**3 - 91*f**2 + 54*f - 107. Let n(y) = -6*l(y) - 11*x(y). List the prime factors of n(25).
2, 3, 157
Let q = -314 - -318. What are the prime factors of q/28*0 + 316?
2, 79
Let s(z) = 12*z - 24 + 35*z - 70 + 48 - 50. List the prime factors of s(15).
3, 7, 29
Suppose 0 = -5*x + 5*l + 106 - 341, -l = -5*x - 239. Suppose -3*v = -2*v - 116. Let f = v + x. What are the prime factors of f?
2, 17
What are the prime factors of 1/(11 + (-659856)/59988)?
4999
Let o(d) = d + 14. Suppose 5*n = 6*n + 1. Let j = 1 + n. What are the prime factors of o(j)?
2, 7
Suppose 5*z - 3*z + 3*u = 10, -4*u = -3*z + 15. Suppose 2*y = -z*j + 1064, 2*y - 472 - 592 = -4*j. What are the prime factors of y?
2, 7, 19
Suppose 4*z = -4*u + 4, -5*u - 1 = 3*z + 4. Suppose -5*d = -z - 15. Suppose 226 = 2*a - 2*w + d, 4*a - 2*w - 442 = 0. What are the prime factors of a?
2, 5, 11
Let d be -2*(2 - 0)*-1 - -2. Suppose 0 = -9*n + d + 21. Suppose q + 4 = 0, n*l - q - 4*q - 179 = 0. What are the prime factors of l?
53
Let i(j) = -2323*j + 1778. List the prime factors of i(-16).
2, 3, 6491
Let l = 35007 - 12801. What are the prime factors of l?
2, 3, 3701
Suppose -23876 = -3*h - 3*s + 6808, -5*h = 3*s - 51138. List the prime factors of h.
3, 7, 487
Suppose -5*a + 4*r + 50 = 7, 8 = -4*r. What are the prime factors of 2 + a + -4 - -446?
11, 41
Let u be -1*((-208696)/2)/4. Suppose -v - 7 = -4*f + 2*v, -4*v = -12. List the prime factors of u/209 + f/22.
5
Let k be 3 - 710/2*-12. Suppose 2 = 4*p + 14, 0 = -3*i - 4*p + k. What are the prime factors of i?
3, 5, 19
Suppose 0 = -s + 951 - 786. Let v = s - -632. What are the prime factors of v?
797
Suppose 146*b + 37300 = 167920 + 161234. What are the prime factors of b?
1999
Suppose -16*u - 108600 = -439416. What are the prime factors of u?
2, 3, 1723
Let a(s) = -s**3 + 34*s**2 - 34*s - 60. Let r be a(26). Suppose -10*w - 154 = -r. List the prime factors of w.
431
Let i(w) = 42*w**3 - 2*w**2 + 11*w - 20. What are the prime factors of i(4)?
2, 5, 67
Let p(s) = -335*s + 24*s**3 - 1 + 336*s + 0. Let z be p(1). Let i = z - 13. List the prime factors of i.
11
Suppose 3*f = 4*f + 8. Suppose 175 = -2*d - 5*a, 3*d - 7*a + 6*a + 220 = 0. Let v = f - d. What are the prime factors of v?
67
Let w = 15 - 13. Suppose 0 = 3*t + 3*d - 17 + w, -12 = -3*d. List the prime factors of (-1717)/(-17) + -4*t.
97
List the prime factors of (10/(-3))/(-5)*154431/18*6.
2, 17159
Suppose -38 - 42 = 2*l. Let g = -35 - l. Suppose -g*w + 196 = -w. List the prime factors of w.
7
Suppose -5*h - 2508 = -14603. List the prime factors of h.
41, 59
Let c = -8639 - -17691. List the prime factors of c.
2, 31, 73
Suppose 5*m - 17*z - 399051 = -18*z, -m = 5*z - 79791. List the prime factors of m.
79811
What are the prime factors of 1974/2*20/((-1)/((-66)/55))?
2, 3, 7, 47
Let y(c) = c**3 - 14*c**2 + 27*c - 27. Let h be y(11). List the prime factors of ((-124)/h)/((-4)/(-417)).
139
Suppose -3*i = -2*m - 21 - 16, -3*m = 2*i - 42. Let c be (-6)/24 + i/(-4). List the prime factors of (((-64)/(-12))/c)/(2/(-42)).
2, 7
Let p(g) = 13*g + 11953. List the prime factors of p(0).
11953
Suppose -20*r + 18*r + 28 = 0. Let o be 7*(-3 - 0 - (-54)/r). Suppose o*c = 4*c + 250. What are the prime factors of c?
5
Suppose -5*y + 107912 = 2*c - 3*y, -5*y = -15. List the prime factors of c.
163, 331
Suppose -4*f - 3*f + 1057 = 0. Let w = 84 + f. Suppose -63 = v - w. What are the prime factors of v?
2, 43
Let h(v) = -29*v + 154*v**2 - 61*v**2 - 79 - v**3 - 58*v**2. What are the prime factors of h(34)?
7, 13
Suppose 0 = -0*k - 4*k + 16. Suppose 3*m - 453 = 3*z, k*m + 0*z - 5*z = 601. Let n = -71 + m. List the prime factors of n.
83
Let t be (-4)/14 + (118153/49 - -5). Suppose 2*h + t = 6*h. Let j = h + -427. What are the prime factors of j?
3, 59
Suppose -z - 1 = 0, -2*l + z + 37 = -2. Suppose 1887 + 19621 = l*y. List the prime factors of y.
2, 283
Let u(a) = -10*a**2 - 124*a + 68. Let s be u(-14). Let k be ((-9)/(-4) - 1)*4. Let b = k - s. What are the prime factors of b?
7, 23
Let z = 8 + 121. Let m = 3314 - 3394. Let q = m + z. List the prime factors of q.
7
Suppose -13*k + 3*h + 744 = -9*k, 4*h + 16 = 0. Let m = 1 + k. List the prime factors of m.
2, 23
Let k(w) = -17*w - 5 + 3 - 45*w. Let r be k(-1). Let s = r + 40. List the prime factors of s.
2, 5
Let i = 78 + -79. Let f(s) = 136*s**2. Let n be f(i). What are the prime factors of n/3*(-4 + 51/6)?
2, 3, 17